mber?
True
Is 34789102121 composite?
False
Is 3809879269 prime?
False
Is 27320353091 a composite number?
False
Is 603058821 composite?
True
Is 10970954159 prime?
False
Is 13646729191 prime?
True
Is 32710381999 a prime number?
True
Is 12005715259 a composite number?
False
Is 1032012401 composite?
True
Is 1860385607 composite?
False
Is 43521671299 composite?
True
Is 16013136551 a composite number?
True
Is 3877161461 a composite number?
False
Is 2985319009 a prime number?
True
Is 32527398895 prime?
False
Is 754584679 prime?
True
Is 44838623 prime?
True
Is 244664749409 prime?
False
Is 60838081037 a prime number?
True
Is 18519691403 composite?
True
Is 1166820829 composite?
True
Is 1998250547 prime?
True
Is 35861381321 prime?
True
Is 34421023237 composite?
False
Is 15030742781 prime?
True
Is 31265713901 composite?
False
Is 133221193 a prime number?
False
Is 1440530941 prime?
False
Is 74264237 a prime number?
False
Is 3724779251 prime?
True
Is 39439539037 prime?
True
Is 976963661 prime?
False
Is 1939495289 a composite number?
False
Is 1905708157 a composite number?
False
Is 14513447489 prime?
False
Is 732272441 prime?
False
Is 399353363 composite?
False
Is 1168902233 a composite number?
False
Is 1713790231 composite?
True
Is 277318511 composite?
False
Is 3579712387 prime?
False
Is 10264444241 a prime number?
True
Is 1828883491 composite?
False
Is 1407379691 a composite number?
True
Is 668353643 a prime number?
True
Is 3244136827 a prime number?
True
Is 2199014501 a prime number?
True
Is 5315040559 composite?
True
Is 2313326387 a composite number?
False
Is 422253703 composite?
True
Is 1213663457 prime?
True
Is 7157327791 a composite number?
False
Is 319808125063 a prime number?
False
Is 233876633 a composite number?
True
Is 3290081411 a composite number?
False
Is 4391975113 composite?
True
Is 9109542649 a composite number?
True
Is 134071463491 a composite number?
True
Is 68005110893 prime?
True
Is 1471982609 composite?
True
Is 339270541 composite?
True
Is 64316796283 a composite number?
False
Is 424908167 prime?
True
Is 23539654729 composite?
True
Is 8357976533 a composite number?
False
Is 373582621 a composite number?
False
Is 1128610921 composite?
False
Is 732763237 prime?
False
Is 927895141 prime?
False
Is 22885326733 composite?
True
Is 254602038157 composite?
False
Is 70956387133 a prime number?
True
Is 6249558509 a composite number?
False
Is 9054677669 a composite number?
False
Is 477331507 prime?
False
Is 6135171221 composite?
True
Is 6887192185 prime?
False
Is 964391353 composite?
False
Is 71661874517 a prime number?
True
Is 4109786477 prime?
True
Is 345236963 a composite number?
True
Is 6057707605 a prime number?
False
Is 980791766 a prime number?
False
Is 1195844217 composite?
True
Is 5883513047 composite?
False
Is 84879267019 composite?
False
Is 83287650934 composite?
True
Is 15563141879 a composite number?
False
Is 6091092251 a prime number?
True
Is 3115627797 composite?
True
Is 22926601 prime?
False
Is 555766231 prime?
False
Is 1092308611 a composite number?
False
Is 455921447 prime?
True
Is 1209883361 prime?
True
Is 677553733 a composite number?
False
Is 534014147 composite?
False
Is 598957901 a composite number?
False
Is 2301101995 a prime number?
False
Is 1635091429 a prime number?
True
Is 6845511181 a composite number?
False
Is 8255217913 composite?
True
Is 13543221893 prime?
True
Is 547473379 a composite number?
True
Is 493134047 composite?
True
Is 1928304911 a composite number?
True
Is 23890070327 composite?
True
Is 60578801 a prime number?
True
Is 1766681533 a composite number?
True
Is 1615355689 composite?
True
Is 134317591 a prime number?
False
Is 436822931 a composite number?
False
Is 13930871381 a prime number?
False
Is 881211649 composite?
False
Is 12924906898 a prime number?
False
Is 387105133 prime?
True
Is 16515959749 a prime number?
False
Is 1106333065 prime?
False
Is 873968107 a composite number?
True
Is 59039941 a prime number?
True
Is 3503824613 a composite number?
False
Is 10445911423 a prime number?
False
Is 1869003277 prime?
True
Is 356125181 composite?
False
Is 1592827333 a prime number?
True
Is 9563993771 composite?
True
Is 2020196267 a composite number?
True
Is 213578346845 prime?
False
Is 13783365811 composite?
False
Is 24579451657 a prime number?
False
Is 42646306793 prime?
True
Is 72876581259 composite?
True
Is 1808791745 a prime number?
False
Is 860565319 a composite number?
True
Is 2063890739 composite?
False
Is 2336417189 a prime number?
True
Is 146372240477 composite?
False
Is 80934563995 a prime number?
False
Is 2230502699 prime?
True
Is 1391463793 a prime number?
True
Is 3392985623 a prime number?
True
Is 602624821 a composite number?
False
Is 39088191673 composite?
False
Is 35918072341 prime?
False
Is 5967646327 composite?
False
Is 986575223 prime?
False
Is 83985568613 prime?
True
Is 56883712087 a prime number?
False
Is 2550575821 a prime number?
True
Is 1179848113 prime?
True
Is 1656076901 prime?
False
Is 76924061 prime?
True
Is 324931549 composite?
True
Is 12644730103 prime?
True
Is 10671077867 a composite number?
False
Is 60528542435 a composite number?
True
Is 569988247 prime?
True
Is 264558439 a prime number?
False
Is 236180411 a prime number?
True
Is 1940957063 a composite number?
True
Is 213040351 prime?
False
Is 12844848463 a prime number?
False
Is 443129821 a composite number?
False
Is 1233681063 composite?
True
Is 43427512357 prime?
False
Is 9293838247 a composite number?
True
Is 25638390737 a composite number?
False
Is 2496133141 a prime number?
True
Is 20371459 composite?
False
Is 3273922019 a prime number?
False
Is 5721264197 composite?
True
Is 917937719 a composite number?
False
Is 530623543 composite?
True
Is 239953621 a composite number?
True
Is 1418357123 composite?
True
Is 9268771327 composite?
False
Is 2153893699 a prime number?
True
Is 662644391 a prime number?
False
Is 4348810303 prime?
True
Is 4886207377 prime?
False
Is 242485397893 a prime number?
False
Is 791103943 composite?
True
Is 1193807093 composite?
True
Is 2753280485 a composite number?
True
Is 532033357 composite?
True
Is 1246962999 prime?
False
Is 108394304947 a prime number?
True
Is 1762079857 a prime number?
True
Is 86524519377 a prime number?
False
Is 52124626259 prime?
False
Is 62865700949 prime?
False
Is 1519836883 prime?
True
Is 358797474937 prime?
False
Is 43859812669 a prime number?
True
Is 14440284037 a composite number?
True
Is 251736409 composite?
False
Is 70284906173 prime?
False
Is 1944713191 prime?
True
Is 14721641 composite?
True
Is 10102411573 prime?
True
Is 15410974199 composite?
False
Is 71525481793 composite?
False
Is 4340185259 a prime number?
True
Is 475686547 a prime number?
False
Is 307823627 composite?
True
Is 2120664341 composite?
False
Is 339491731 composite?
False
Is 61776146837 composite?
False
Is 936404263 a composite number?
False
Is 1768008713 composite?
True
Is 30875490361 prime?
False
Is 43791299 a composite number?
True
Is 18234526627 prime?
False
Is 28329515605 composite?
True
Is 445468280545 composite?
True
Is 85118222297 a prime number?
True
Is 13127839583 a composite number?
False
Is 17529153077 composite?
True
Is 100155877 a composite number?
False
Is 8406575771 a composite number?
True
Is 2902584691 a composite number?
True
Is 147509779 composite?
False
Is 35719512967 a prime number?
True
Is 1275245011 a composite number?
False
Is 3558053597 a prime number?
False
Is 66378589 a composite number?
False
Is 1371648899 a prime number?
False
Is 448054877 a composite number?
False
Is 4647059509 prime?
False
Is 91025655023 a composite number?
False
Is 42400009 a prime number?
True
Is 11531742383 a prime number?
False
Is 31773857639 a composite number?
False
Is 1616309791 a composite number?
True
Is 58264523389 a composite number?
False
Is 547165661 prime?
False
Is 5588256343 composite?
False
Is 142280954233 composite?
True
Is 17055700367 a composite number?
False
Is 92294208163 a composite number?
True
Is 6734681227 composite?
True
Is 21682253251 prime?
False
Is 1179150097 prime?
False
Is 803456497 a prime number?
False
Is 8520265177 composite?
False
Is 202551829 prime?
False
Is 4359124006 a composite number?
True
Is 98155794719 prime?
True
Is 19723229333 a prime number?
True
Is 6437286